j - 449. Determine g(9).
10
Let b(u) = -u**3 - 31*u**2 + 938*u - 594. Give b(-50).
6
Let g(o) = -o**2 - 4246*o + 555421. Give g(127).
50
Let a(g) = 70*g**2 + 218*g - 699. Calculate a(-5).
-39
Let f(i) = -34*i**3 + 369*i**2 + 30*i - 1. Calculate f(11).
-276
Let y(k) = k**2 - 402*k + 39230. Determine y(167).
-15
Let z(p) = -p**2 - 324*p + 4169. What is z(13)?
-212
Let h(r) = -748*r + 44772. Determine h(59).
640
Let f(i) = -45*i**2 - 1603*i + 2289. Determine f(-37).
-5
Let r(u) = -u**3 + 73*u**2 + 208*u + 1522. Calculate r(76).
2
Let j(k) = -k**2 - 225*k + 10603. What is j(40)?
3
Let f(j) = -3054*j + 17269. What is f(6)?
-1055
Let q(h) = -2*h**2 + 104*h + 18982. Give q(-75).
-68
Let h(b) = -6*b**2 - 209*b + 23156. Determine h(48).
-700
Let v(b) = -192*b**3 - 9*b**2 + 41*b - 33. Determine v(1).
-193
Let v(l) = -l**3 + 86*l**2 - 881*l - 72. Calculate v(12).
12
Let d(n) = 2180*n + 331149. Give d(-152).
-211
Let t(f) = 2*f**2 - 224*f + 3294. Determine t(17).
64
Let c(b) = b**3 - 2*b**2 + 122*b - 4836. Give c(15).
-81
Let b(n) = 86*n**2 - 21*n - 4. Calculate b(-3).
833
Let x(z) = z**2 - 148*z - 52173. Give x(-170).
1887
Let p(f) = f**3 - 523*f**2 - 131878*f + 2834. Determine p(709).
-2
Let m(j) = j**2 - 65*j - 2279. Give m(-29).
447
Let n(p) = 8*p**2 - 64*p + 300. Calculate n(11).
564
Let f(d) = 4*d**2 - 651*d + 11062. What is f(19)?
137
Let j(i) = 2*i**3 - 49*i**2 + 121*i - 116. Determine j(24).
2212
Let y(t) = 25*t**2 - 4201*t + 39511. Calculate y(10).
1
Let a(d) = 4864*d + 2033145. Calculate a(-418).
-7
Let t(h) = 214*h + 21212. Give t(-99).
26
Let p(v) = -2*v**3 + 138*v**2 - 708*v + 70401. Give p(71).
-31
Let r(i) = 25*i + 3544. Determine r(-77).
1619
Let d(v) = 1149*v + 365324. Calculate d(-318).
-58
Let p(i) = 2*i**3 - 1056*i**2 + 456*i - 240724. Calculate p(528).
44
Let y(z) = -3*z**3 + 51*z**2 + 84*z - 1665. Determine y(17).
-237
Let d(w) = -3*w**2 + 922*w - 35454. Determine d(42).
-2022
Let r(k) = -4*k**2 + 2073*k + 9928. Calculate r(523).
-9
Let b(w) = -w**2 + 92*w - 1242. Calculate b(22).
298
Let z(t) = 2170*t + 54088. What is z(-25)?
-162
Let w(z) = -5475*z**2 + 21893*z + 36. Give w(4).
8
Let a(n) = 246*n + 7682. What is a(-32)?
-190
Let f(k) = 818*k + 89417. Give f(-109).
255
Let m(v) = -v**3 + 54*v**2 + 1090*v + 831. Determine m(-15).
6
Let g(d) = -2*d**3 - 9*d**2 + 1162*d - 4371. Calculate g(4).
5
Let i(y) = 2*y**2 + 158*y + 4048. Give i(-53).
1292
Let v(a) = -a**3 - 39*a**2 + 2446*a - 2631. What is v(-73)?
-3
Let h(a) = 1849*a + 197808. Determine h(-107).
-35
Let t(x) = 26*x**2 - 2434*x + 1380. What is t(93)?
-108
Let w(b) = 9*b**3 + 2*b**2 + 232*b + 225. Determine w(-1).
-14
Let z(p) = -2560*p - 151010. What is z(-59)?
30
Let v(f) = 5*f**2 + 685*f + 21747. What is v(-87)?
-3
Let i(w) = 161*w**2 + 759*w - 246. Calculate i(-5).
-16
Let h(l) = -l**3 + 3*l**2 + 463*l - 4441. Determine h(-24).
-1
Let g(j) = j**3 + 20*j**2 - 7182*j - 143619. Calculate g(-20).
21
Let z(a) = -a**3 - 35*a**2 + 944*a + 60. Give z(18).
-120
Let k(g) = -146*g + 5410. Determine k(67).
-4372
Let j(i) = i**3 - 3*i**2 + 96*i - 1615. What is j(10)?
45
Let x(r) = 77594*r - 465689. Calculate x(6).
-125
Let a(d) = 189*d**3 - d**2 + 427*d - 425. Calculate a(1).
190
Let c(w) = -2*w**2 - 1628*w + 35083. Calculate c(21).
13
Let w(c) = 5*c**2 - 1569*c + 7804. What is w(5)?
84
Let n(q) = -q**3 + 304*q**2 - 3166*q - 98695. What is n(292)?
1
Let f(c) = 238729*c - 1671096. What is f(7)?
7
Let c(n) = -n**2 - 13869*n + 2528829. Calculate c(180).
9
Let k(y) = 3*y**3 + 619*y**2 - 4489*y - 53. Give k(7).
-116
Let z(g) = -231*g + 23391. What is z(101)?
60
Let x(c) = c**3 - c**2 + 21778*c - 130607. Give x(6).
241
Let z(a) = 3*a**3 + 24*a**2 + 111*a + 1195. What is z(-9)?
-47
Let t(l) = 36*l + 581. Give t(-17).
-31
Let w(v) = -71*v**2 - 286*v + 1558. What is w(-7)?
81
Let f(t) = 11*t**2 - 1695*t + 2985. Calculate f(152).
-511
Let z(a) = 260*a**2 + 24*a - 17. Determine z(1).
267
Let s(g) = -g**3 - g**2 - 120*g - 494. Give s(-4).
34
Let t(k) = 802*k - 18453. What is t(23)?
-7
Let m(k) = -4*k**3 - 507*k**2 - 1365*k - 176. Determine m(-124).
-52
Let x(d) = -5*d + 429. What is x(-30)?
579
Let y(w) = 38*w**3 - 5247*w**2 + 410*w + 59. Give y(138).
-493
Let d(y) = -264*y - 184395. Calculate d(-699).
141
Let v(d) = -2*d**3 - 54*d**2 - 77*d - 608. Give v(-26).
42
Let x(t) = t**2 - 116*t + 1708. Determine x(18).
-56
Let s(r) = 5431*r - 792910. Give s(146).
16
Let d(f) = -2*f**3 + 227*f**2 + 2643*f - 21. Determine d(-12).
4407
Let z(h) = -3*h**3 - 77*h**2 + 1543*h + 38756. Calculate z(-27).
11
Let p(j) = 9*j**3 + 403*j**2 + 4314*j + 2407. What is p(-28)?
-1
Let q(r) = r**3 - 14*r**2 + 5536*r - 32952. Calculate q(6).
-24
Let s(i) = -49*i**2 - 6519*i + 6334. Determine s(-134).
36
Let x(j) = j**3 - 48*j**2 + 94*j - 11. Calculate x(45).
-1856
Let n(f) = -2*f**3 - 868*f**2 - 14214*f - 554. Determine n(-17).
58
Let o(n) = -518*n + 2636. What is o(5)?
46
Let z(w) = 6*w**3 - 49*w**2 - 33*w + 158. Give z(8).
-170
Let z(o) = 121829*o - 6822426. Give z(56).
-2
Let k(g) = -42313*g + 549972. Determine k(13).
-97
Let v(f) = f**2 + 1113*f + 22931. Calculate v(-21).
-1
Let x(p) = p**2 - 3440*p + 20652. Calculate x(6).
48
Let h(a) = -a**3 + 33*a**2 - 19*a + 367. Give h(33).
-260
Let s(f) = 59*f**3 + 19*f**2 - 14*f - 78. What is s(-3)?
-1458
Let n(i) = 40138*i + 160678. Calculate n(-4).
126
Let p(a) = -a**3 + 18*a**2 - 92*a + 159. Calculate p(6).
39
Let q(m) = -3*m**2 - 774*m + 54974. Give q(-316).
-10
Let n(p) = 540*p - 11491. Determine n(23).
929
Let l(c) = 13*c**2 - 2494*c + 14660. Give l(186).
524
Let g(a) = -a**2 + 32*a + 723. What is g(-12)?
195
Let l(i) = -161*i - 4902. Give l(-32).
250
Let y(v) = -5*v**3 + 663*v**2 - 2973*v + 3718. Give y(128).
6
Let i(s) = -2228*s - 496894. Determine i(-223).
-50
Let n(u) = 5*u**2 - 385*u + 3659. What is n(59)?
-1651
Let i(d) = 3*d**2 + 2696*d - 2695. Determine i(1).
4
Let b(r) = -8*r**2 + 1543*r + 3114. Give b(-2).
-4
Let f(l) = -2615*l**2 + 175203*l + 173. Determine f(67).
39
Let t(z) = -836*z**2 + 45967*z + 283. Determine t(55).
-432
Let r(a) = a**3 + 144*a**2 - 12*a - 1798. Calculate r(-144).
-70
Let g(z) = 2*z**2 - 278*z + 1272. What is g(137)?
724
Let o(f) = 169*f + 4741. Give o(-21).
1192
Let g(i) = -6*i**3 + 2906*i**2 - 214760*i - 49. Calculate g(91).
-49
Let k(x) = x**3 + 356*x**2 + 342*x - 4643. Give k(-355).
-28
Let c(j) = -142*j - 8709. Give c(-55).
-899
Let l(s) = -17*s**2 - 717*s - 6980. Give l(-16).
140
Let b(v) = v**2 - 27679*v - 748067. Calculate b(-27).
-5
Let i(c) = 2*c**3 + 177*c**2 + 4894*c + 422945. Calculate i(-88).
17
Let f(d) = 627*d - 102811. What is f(164)?
17
Let y(m) = 104595*m + 732167. Give y(-7).
2
Let w(f) = -58*f**3 - 3*f**2 - 19431*f - 19430. Give w(-1).
56
Let a(b) = 924*b - 7883. Calculate a(9).
433
Let g(q) = -35865*q + 1649802. Calculate g(46).
12
Let k(p) = -2*p**3 + 2*p**2 - 12007*p - 24025. Determine k(-2).
13
Let t(g) = g**2 - 331*g + 3509. Calculate t(11).
-11
Let m(p) = 19837*p - 495876. Calculate m(25).
49
Let r(b) = -3233*b + 116341. Determine r(36).
-47
Let x(p) = p**3 + 367*p**2 - 6926*p + 926. Determine x(-385).
-614
Let d(i) = 9*i**2 + 12986*i - 65222. Give d(5).
-67
Let b(s) = s**3 - 360*s**2 + 1771*s + 1864. What is b(355)?
444
Let t(w) = -363*w**2 + w + 16. Give t(0).
16
Let d(n) = -2860*n - 77885. What is d(-27)?
-665
Let m(r) = -6458*r + 729770. Calculate m(113).
16
Let t(s) = 54800*s - 712408. What is t(13)?
-8
Let g(b) = -9*b**2 + 499*b + 161. What is g(56)?
-119
Let q(d) = 17163*d + 34333. Calculate q(-2).
7
Let r(n) = 1042*n - 24470. What is r(24)?
538
Let i(d) = -d**3 - 472*d**2 + 606*d - 134. Give i(1).
-1
Let p(i) = -i**2 + 127*i - 1227. Determine p(116).
49
Let j(g) = 596*g + 65391. What is j(-110)?
-169
Let h(f) = 10*f**3 - 33*f**2 - 63*f + 10. Determine h(-2).
-76
Let d(c) = -255*c**2 + 12*c - 15. Determine d(1).
-258
Let o(r) = r**2 + 465*r - 47363. Calculate o(86).
23
Let o(j) = j**3 + 74*j**2 - 5273*j - 389860. Give o(-75).
-10
Let g(m) = -595*m**3 - 3*m**2 + 3*m + 1. Give g(-1).
590
Let f(w) = -128787*w + 1159087. Determine f(9).
4
Let s(c) = -c**3 - 15*c**2 + 43*c - 156. Calculate s(-19).
471
Let j(m) = -14*m**2 + 973*m + 6338. What is j(-6)?
-4
Let m(i) = 6*i**3 + 397*i**2 - 435*i - 33050. What is m